h**2 - 5*h**2. What is the units digit of u(t)?
4
Suppose 0 = u - s - 43, -2*u = -u - 2*s - 45. What is the units digit of u?
1
What is the units digit of (-4 - -1) + 41 + -1?
7
Let m = 51 - 29. Let a = 6 + -4. Suppose -4*c - a = -m. What is the units digit of c?
5
Let z(c) = 17 + 12 + c**2 - c**2 - c**3. What is the units digit of z(0)?
9
What is the units digit of ((-5)/(-15))/((-3)/(-9)) - -53?
4
Suppose 6 = 3*r - 3. Suppose -8 = -r*s + 5*b, -5*s = -b - 3*b - 9. What is the tens digit of s/(((-4)/11)/(-4))?
1
Let n(x) = 2*x**2 - 6*x + 1. Let u be n(4). Suppose u*w - 140 = 4*w. What is the tens digit of w?
2
Let f(y) = -y**3 - 2*y**2 - 2*y. Let h be f(-2). Suppose -l = -0*l - h. Suppose l + 1 = 5*v. What is the units digit of v?
1
Let t(o) = -5 - 3*o**2 + 5 - 2*o**3. Let r be t(-2). Suppose -m + 3*m - r*g - 24 = 0, -3*m - 3*g = -9. What is the units digit of m?
6
Suppose 2*q - 64 = -4*y, 5*q = 6*q. Suppose -3*z = 4*v - y, 3 = 2*v - 5. Suppose z = -4*d + 3 + 9. What is the units digit of d?
3
Let y(l) = 9*l - 2. Let p be (0 + 3)*-1 - -2. Let b(z) = 2*z**2. Let o be b(p). What is the tens digit of y(o)?
1
Let d be (9/(-6))/(1/(-2)). Suppose 0 = d*x + 2*x - 10. Suppose -25 = -x*a - 3*a. What is the units digit of a?
5
Suppose -5*v = -6 - 9. Suppose 3*t - 4*z = -6*z + 31, -v*t = 3*z - 30. What is the tens digit of t?
1
Suppose 0 = -0*t + t - 4*n + 28, -2*n = -3*t - 54. Let c be 4/t - (-33)/4. Suppose 5*v = c - 3. What is the units digit of v?
1
Suppose -132 = 4*o - 948. What is the units digit of o?
4
Let c = -22 - -25. What is the units digit of c?
3
What is the hundreds digit of 8808/44 + 4/(-22)?
2
Suppose -3*p + 50 = 4*j, 0*p + 5*p - j - 114 = 0. What is the tens digit of p?
2
Let p(h) = -17*h**3 - 2*h**2 - h. Let d be p(-1). Suppose 3*q = -2*l - 2*l + d, -3*q = -l + 4. What is the units digit of l?
4
Let p(y) = -y**3 - 6*y**2 - y. What is the units digit of p(-7)?
6
Let q(i) = -i**3 - 4*i**2 + 4*i. Let f be q(-5). Let l(a) = a**2 + a - 4. What is the units digit of l(f)?
6
Let f be ((-34)/5)/((-4)/10). Suppose -4*t - 59 = f. Let w = t + 39. What is the tens digit of w?
2
Suppose 4*x - 12 = x, -5*y + 183 = -3*x. What is the tens digit of y?
3
Suppose -4*n + 4*g = -96, -2 = n + 4*g - 21. Suppose -3*u - 3 = 5*a - n, -2*u + 22 = -a. What is the units digit of u?
0
Let h be 5 + -4 + 26 + 1. Suppose -4*n = -h - 44. What is the units digit of n?
8
Let q = -15 - -9. What is the units digit of 1/3 - 64/q?
1
Let r = -121 - -265. What is the tens digit of r?
4
Let u(x) = x - 2*x + 0*x - 3. Let g be u(0). What is the tens digit of 30*(-1)/(g/1)?
1
Let a(s) = -s**2 + 5*s - 3. Let w be a(5). Let y be 2/3 + 2/w. What is the units digit of 2 - y - (-2 + -2)?
6
Suppose 5*s + 2*n - 398 = 0, -s + 5*n = -4*s + 235. What is the units digit of s?
0
Let z(o) = -o**2 + 6*o - 1. Let l be (-6)/15 + (-17)/(-5). What is the units digit of z(l)?
8
Let v = -11 + -9. Let f be v/((-3)/(4 - 1)). Suppose 6*y - f = 2*y. What is the units digit of y?
5
Let l(s) = -s**3 + 8*s**2 - 7*s + 7. Suppose 8*x = 5*x - 54. Let f = -11 - x. What is the units digit of l(f)?
7
Suppose -4*v + 240 = 64. Suppose -5*c - 4*n + n = -v, 3*n + 6 = 0. Let h = c + -7. What is the units digit of h?
3
Suppose -4*j = -3*h + 22, 5*h - 2 = -2*j - 0. What is the tens digit of 1/(-1) - (-12 + j)?
1
Let v(r) = 13*r**2 + r - 1. What is the tens digit of v(1)?
1
Let i(x) = -15*x**2 + x - 8. Let b(y) = -7*y**2 + y - 4. Let o(k) = 13*b(k) - 6*i(k). What is the units digit of o(5)?
6
Let l(x) = -x**2 - 6*x + 4. Suppose -5*n + n = 4*c + 16, c - 2*n = -10. What is the units digit of l(c)?
4
What is the units digit of 12 + -12 - (-13 - -1)?
2
Suppose 352 = 5*o - 3*b + 34, 4*b + 319 = 5*o. What is the tens digit of o?
6
Suppose 239 = 3*i + 2*a, 5*i - a - 392 = 2*a. What is the tens digit of i?
7
Suppose 2*n - 32 - 52 = 0. What is the tens digit of n?
4
Let b = -24 - -42. Suppose -l - 7 = -b. What is the units digit of l?
1
Let h be (-9)/(-2)*(0 - -2). Let f be 50/18 - (-2)/h. Suppose -18 = -m + 2*y, f*m - 5*y - 46 - 5 = 0. What is the tens digit of m?
1
Suppose -12*b + 18 + 6 = 0. Let g be ((-1)/(-2))/((-2)/(-16)). Suppose 0 = -b*v + 24 + g. What is the tens digit of v?
1
Suppose -2*g - 22 = -0*t + 5*t, -3*g = 4*t + 33. Let u = g - -21. What is the units digit of u?
0
Let g(u) = u - 21. Let j be g(12). Suppose -3*q - 19 + 6 = -h, 2*q + 52 = 5*h. What is the units digit of h/45 + (-61)/j?
7
Suppose -28 = -3*a + a + 2*r, a + 3*r - 2 = 0. What is the tens digit of a?
1
Let i(b) = 2*b**2 + 0*b + 1 + 0*b. Let r be i(2). Let y = -6 + r. What is the units digit of y?
3
Let a(f) = 5*f - 6. Let w be a(6). Suppose -n = -14 - w. What is the tens digit of n?
3
Suppose 4*w = k + 16, -3*w - 5*k + 0*k = -12. Suppose w*i = -i. Suppose i*h + 20 = 2*h. What is the units digit of h?
0
Let t = -30 - -16. What is the units digit of (-8)/(-28) - 570/t?
1
Suppose -u - 5*z + 51 = 0, 3*z + 85 = 3*u + z. What is the units digit of u?
1
Suppose 0 - 8 = -4*x. Suppose -5*u - 8 = -x*o + 7, -5*u - 25 = -3*o. What is the units digit of o?
0
Suppose -k + 13 = j, 50 = 5*k + 6*j - 4*j. What is the units digit of k?
8
Let q(y) = y**2 + y - 3. Let h be q(-3). Suppose -5*p + 5*i = -135, 0 = h*p + 3*i - 0*i - 87. What is the tens digit of p?
2
Let b(z) = -z**3 - 6*z**2 - 5*z + 6. Let c be b(-5). Suppose 3*i = -2*w - 0*w + 15, 3*w - 15 = -3*i. Let m = w + c. What is the units digit of m?
6
Suppose -6*d + 2*m = -d, -2*m = -2*d - 6. What is the units digit of 5/((0 + 2)/d)?
5
What is the units digit of (-1 - 0)*(-78 - -7)?
1
Let o be (-2)/4 + (-157)/(-2). Suppose 26 = -2*c + o. What is the tens digit of c?
2
What is the units digit of -85*((-2)/1 + 1)?
5
Suppose 4*t - t = 0. Suppose t = -2*b + 6 - 0. Suppose -6 = b*x + 5*u + 2, 2*x - u = 12. What is the units digit of x?
4
Suppose -2*m = m - 12. Suppose -p - 2*i = -2, 0*p = 4*p - m*i + 4. Let v = 3 - p. What is the units digit of v?
3
Let v = 328 + -115. What is the tens digit of v?
1
Suppose -3*y - 5*d = -677, 16 = -5*d + 6. What is the tens digit of y?
2
Let b = 16 + -10. What is the units digit of 149/b + 4/24?
5
Suppose 0 = -4*k + 81 - 393. Suppose 0 = 5*n + 3*f - 45, 2*n + 0*n = -f + 19. What is the units digit of n/(-20) + k/(-5)?
5
Let r = 77 - 55. Suppose 3 + r = 5*t. What is the units digit of t?
5
Let y be ((-2)/4)/(2/(-12)). Suppose -20 = 4*m - 36. Suppose -f - 5*g = -13, 0 = m*f - g + y*g - 70. What is the units digit of f?
8
Let s(a) = 5*a. What is the tens digit of s(3)?
1
Suppose 0*d = -d + 15. Let i = d + -9. What is the units digit of i?
6
Suppose 0 = -2*c + b - 3*b + 12, -4*b = 5*c - 26. Suppose c*k = -k + 54. Suppose 4*t - k = 2*t + 2*z, -2*z - 44 = -4*t. What is the units digit of t?
3
Let g(k) = -k**3 + 8*k**2 - k + 8. Let z be g(8). Suppose z*y + 36 = 3*y. What is the tens digit of y?
1
Let j(o) = -o**3 - o**2 + o - 2. Let x be j(-2). Suppose x = k + 4 + 3. What is the tens digit of (-24)/10*(k - -2)?
1
What is the tens digit of 13/(546/12) - (-1181)/7?
6
Let n(m) = -27*m + 4. What is the units digit of n(-2)?
8
Suppose 2*c - 14 - 6 = 0. Let q = c - -5. What is the tens digit of q?
1
Let t(o) = o**2 - 10*o - 8. Let h(j) = 2*j**2 - 19*j - 15. Let m(x) = 4*h(x) - 7*t(x). Let w be m(7). Suppose -w = -5*l + 2. What is the units digit of l?
1
What is the hundreds digit of (-28)/(-70) + 3476/10 + 0?
3
Suppose -3*f - 16 - 11 = 0. What is the units digit of (-380)/(-12) - 3/f?
2
Suppose 3*l - 2*t - 81 = 0, 5*l - 245 = -5*t - 85. What is the tens digit of l?
2
Suppose -272 = -4*v - v - 4*n, -3*v - 3*n = -162. What is the tens digit of v?
5
Let i(k) be the first derivative of k**2 + 16*k + 10. What is the units digit of i(7)?
0
Let m = -357 - -536. What is the tens digit of m?
7
Suppose 0 = 2*b - 4*w - 1 - 9, b = -w - 7. Suppose -4*d = 2*v - 6, 7*v = 3*v - 4*d + 8. Let q = v - b. What is the units digit of q?
4
Suppose -5*z = -20, 60 = -6*p + 2*p + 5*z. Let j = -5 - p. Suppose 29 = -j*l + 89. What is the units digit of l?
2
Let p be (2 - (-16)/(-10))*5. Suppose 55 = 5*m - 2*b, 2*b = p*m + 6*b + 2. What is the units digit of m?
9
Suppose 4*v + g + 26 = 0, 2*v + 8 + 6 = -g. Let d = v - -4. What is the units digit of d/(-7) + 10/14?
1
Let q(b) = 5*b**3 - 2*b**2 + 9*b - 8. Let s(w) = 3*w**3 - w